{"id":28626,"date":"2024-02-16T14:16:59","date_gmt":"2024-02-16T12:16:59","guid":{"rendered":"https:\/\/www.designenlassen.de\/blog\/?page_id=28626"},"modified":"2024-05-14T07:54:59","modified_gmt":"2024-05-14T05:54:59","slug":"ford-logo","status":"publish","type":"page","link":"https:\/\/www.designenlassen.de\/blog\/bekannte-logos\/ford-logo\/","title":{"rendered":"Ford Logo"},"content":{"rendered":"\n<figure class=\"wp-block-image size-full is-resized\"><img fetchpriority=\"high\" decoding=\"async\" width=\"1024\" height=\"369\" src=\"https:\/\/www.designenlassen.de\/blog\/wp-content\/uploads\/2024\/02\/Ford_logo_flat.svg_.png\" alt=\"\" class=\"wp-image-28627\" style=\"width:691px;height:auto\" srcset=\"https:\/\/www.designenlassen.de\/blog\/wp-content\/uploads\/2024\/02\/Ford_logo_flat.svg_.png 1024w, https:\/\/www.designenlassen.de\/blog\/wp-content\/uploads\/2024\/02\/Ford_logo_flat.svg_-300x108.png 300w, https:\/\/www.designenlassen.de\/blog\/wp-content\/uploads\/2024\/02\/Ford_logo_flat.svg_-768x277.png 768w\" sizes=\"(max-width: 1024px) 100vw, 1024px\" \/><figcaption class=\"wp-element-caption\"><strong>\u00a9<\/strong> Ford \/ ford.com<\/figcaption><\/figure>\n\n\n\n<p>Ford ist eine der&nbsp;<strong>\u00e4ltesten<\/strong>&nbsp;und&nbsp;<strong>erfolgreichsten<\/strong>&nbsp;Automarken der Welt. Seit \u00fcber einem Jahrhundert produziert Ford Fahrzeuge, die Geschichte schreiben, Innovationen vorantreiben und Millionen von Menschen mobil machen. Das Ford-Logo ist eines der<a href=\"https:\/\/www.designenlassen.de\/blog\/bekannte-logos\/\">&nbsp;bekanntesten Logos<\/a>&nbsp;der Automobilindustrie und steht f\u00fcr Qualit\u00e4t, Zuverl\u00e4ssigkeit und Fortschritt. In diesem Blogeintrag erf\u00e4hrst du mehr \u00fcber den Ursprung, die Entwicklung und die Bedeutung von Ford und seinem Logo.<\/p>\n\n\n\n<div class=\"wp-block-buttons is-content-justification-center is-layout-flex wp-container-core-buttons-is-layout-16018d1d wp-block-buttons-is-layout-flex\">\n<div class=\"wp-block-button is-style-fill\"><a class=\"wp-block-button__link has-white-color has-text-color has-background has-text-align-left wp-element-button\" href=\"https:\/\/www.designenlassen.de\/logo-design?utm_source=blog&amp;utm_medium=button&amp;utm_campaign=logo-sammlung\" style=\"background-color:#091182\">Jetzt Logo erstellen<\/a><\/div>\n<\/div>\n\n\n\n\n\n<h2 class=\"wp-block-heading\">Ursprung<\/h2>\n\n\n\n<p>Ford wurde 1903 von&nbsp;<strong>Henry Ford<\/strong>&nbsp;gegr\u00fcndet, einem vision\u00e4ren Unternehmer, der das Ziel hatte, Autos f\u00fcr die Massen zu bauen. Er erfand die&nbsp;<strong>Flie\u00dfbandproduktion<\/strong>, die es erm\u00f6glichte, Autos schneller, billiger und effizienter zu fertigen. Das erste Modell, das auf diese Weise hergestellt wurde, war das&nbsp;<strong>Ford Model T<\/strong>, das 1908 auf den Markt kam und zum meistverkauften Auto seiner Zeit wurde. Das Model T war einfach zu bedienen, zu reparieren und zu modifizieren und wurde zum Symbol f\u00fcr die Demokratisierung des Automobils.<\/p>\n\n\n\n<h2 class=\"wp-block-heading\">Entwicklung <\/h2>\n\n\n\n<p>Ford wuchs schnell zu einem globalen Unternehmen, das in verschiedenen L\u00e4ndern und Kontinenten pr\u00e4sent war. Ford baute nicht nur Autos, sondern auch Lastwagen, Busse, Traktoren, Flugzeuge und sogar Panzer. Ford war auch an der Entwicklung neuer Technologien beteiligt, wie zum Beispiel dem&nbsp;<strong>V8-Motor<\/strong>, der 1932 eingef\u00fchrt wurde und mehr Leistung und Geschwindigkeit bot. <\/p>\n\n\n\n<p>Ford war auch einer der Pioniere im Bereich der&nbsp;<strong>Hybrid- und Elektrofahrzeuge<\/strong>, die in den letzten Jahren immer beliebter geworden sind. Einige der bekanntesten Modelle von Ford sind der&nbsp;<strong>Mustang<\/strong>, der&nbsp;<strong>Fiesta<\/strong>, der&nbsp;<strong>Focus<\/strong>, der&nbsp;<strong>Explorer<\/strong>&nbsp;und der&nbsp;<strong>F-150<\/strong>.<\/p>\n\n\n\n<h2 class=\"wp-block-heading\">Bedeutung<\/h2>\n\n\n\n<p>Ford ist mehr als eine Automarke, es ist eine Ikone der amerikanischen Kultur und des Lebensstils. Ford steht f\u00fcr Freiheit, Abenteuer, Individualit\u00e4t und Leidenschaft. Ford hat auch einen gro\u00dfen Einfluss auf die Gesellschaft, die Wirtschaft, die Politik und die Umwelt gehabt. Ford hat Millionen von Arbeitspl\u00e4tzen geschaffen, die Mobilit\u00e4t und den Wohlstand gef\u00f6rdert, die Industrie und die Technologie vorangebracht und sich f\u00fcr soziale und \u00f6kologische Verantwortung eingesetzt. Ford ist eine Marke, die Generationen verbindet und inspiriert.<\/p>\n\n\n\n<div class=\"sof\">\n<h2>Individuelles Design oder Logo gesucht?<\/h2>\n<p>Bei designenlassen.de findest Du \u00fcber <b>100.000 Designer, die Dir ein einzigartiges Design nach Deinen W\u00fcnschen kreieren.<\/b> Starte jetzt Deinen eigenen Designwettbewerb und erhalte zahlreiche individuelle Vorschl\u00e4ge.<br><\/p>\n\n\n\n<\/div>\n\n\n\n<div class=\"wp-block-buttons is-content-justification-center is-layout-flex wp-container-core-buttons-is-layout-16018d1d wp-block-buttons-is-layout-flex\">\n<div class=\"wp-block-button is-style-fill\"><a class=\"wp-block-button__link has-white-color has-text-color has-background has-text-align-left wp-element-button\" href=\"https:\/\/www.designenlassen.de\/logo-design?utm_source=blog&amp;utm_medium=button&amp;utm_campaign=logo-sammlung\" style=\"background-color:#091182\">Jetzt Logo erstellen<\/a><\/div>\n<\/div>\n\n\n\n<div style=\"height:34px\" aria-hidden=\"true\" class=\"wp-block-spacer\"><\/div>\n\n\n\n<h2 class=\"wp-block-heading\">Von uns erstellte Logos<\/h2>\n\n\n\n<figure class=\"wp-block-gallery has-nested-images columns-default is-cropped wp-block-gallery-1 is-layout-flex wp-block-gallery-is-layout-flex\">\n<figure class=\"wp-block-image size-large\"><img decoding=\"async\" width=\"450\" height=\"600\" data-id=\"17932\" src=\"https:\/\/www.designenlassen.de\/blog\/wp-content\/uploads\/2016\/05\/23_957673.jpg\" alt=\"\" class=\"wp-image-17932\" srcset=\"https:\/\/www.designenlassen.de\/blog\/wp-content\/uploads\/2016\/05\/23_957673.jpg 450w, https:\/\/www.designenlassen.de\/blog\/wp-content\/uploads\/2016\/05\/23_957673-225x300.jpg 225w\" sizes=\"(max-width: 450px) 100vw, 450px\" \/><figcaption class=\"wp-element-caption\">Fahrzeugbeschriftung Beispiel<\/figcaption><\/figure>\n\n\n\n<figure class=\"wp-block-image size-large\"><img decoding=\"async\" width=\"424\" height=\"283\" data-id=\"6794\" src=\"https:\/\/www.designenlassen.de\/blog\/wp-content\/uploads\/2016\/05\/Fotolia_57674797_XS.jpg\" alt=\"\" class=\"wp-image-6794\" srcset=\"https:\/\/www.designenlassen.de\/blog\/wp-content\/uploads\/2016\/05\/Fotolia_57674797_XS.jpg 424w, https:\/\/www.designenlassen.de\/blog\/wp-content\/uploads\/2016\/05\/Fotolia_57674797_XS-300x200.jpg 300w\" sizes=\"(max-width: 424px) 100vw, 424px\" \/><\/figure>\n\n\n\n<figure class=\"wp-block-image size-large\"><img loading=\"lazy\" decoding=\"async\" width=\"623\" height=\"638\" data-id=\"2939\" src=\"https:\/\/www.designenlassen.de\/blog\/wp-content\/uploads\/2014\/04\/Fahrzeugbeschriftung_Transporter.jpg\" alt=\"\" class=\"wp-image-2939\" srcset=\"https:\/\/www.designenlassen.de\/blog\/wp-content\/uploads\/2014\/04\/Fahrzeugbeschriftung_Transporter.jpg 623w, https:\/\/www.designenlassen.de\/blog\/wp-content\/uploads\/2014\/04\/Fahrzeugbeschriftung_Transporter-293x300.jpg 293w\" sizes=\"(max-width: 623px) 100vw, 623px\" \/><figcaption class=\"wp-element-caption\">Fahrzeugbeschriftung Transporter ATS-24<\/figcaption><\/figure>\n\n\n\n<figure class=\"wp-block-image size-large\"><img loading=\"lazy\" decoding=\"async\" width=\"684\" height=\"475\" data-id=\"2938\" src=\"https:\/\/www.designenlassen.de\/blog\/wp-content\/uploads\/2014\/04\/Fahrzeugbeschriftung_LKW.jpg\" alt=\"\" class=\"wp-image-2938\" srcset=\"https:\/\/www.designenlassen.de\/blog\/wp-content\/uploads\/2014\/04\/Fahrzeugbeschriftung_LKW.jpg 684w, https:\/\/www.designenlassen.de\/blog\/wp-content\/uploads\/2014\/04\/Fahrzeugbeschriftung_LKW-300x208.jpg 300w\" sizes=\"(max-width: 684px) 100vw, 684px\" \/><figcaption class=\"wp-element-caption\">Fahrzeugbeschriftung LKW HUBER<\/figcaption><\/figure>\n\n\n\n<figure class=\"wp-block-image size-large\"><img loading=\"lazy\" decoding=\"async\" width=\"1024\" height=\"768\" data-id=\"2936\" src=\"https:\/\/www.designenlassen.de\/blog\/wp-content\/uploads\/2014\/04\/Fahrzeugbeschriftung_PKW_1.jpg\" alt=\"\" class=\"wp-image-2936\" srcset=\"https:\/\/www.designenlassen.de\/blog\/wp-content\/uploads\/2014\/04\/Fahrzeugbeschriftung_PKW_1.jpg 1024w, https:\/\/www.designenlassen.de\/blog\/wp-content\/uploads\/2014\/04\/Fahrzeugbeschriftung_PKW_1-300x225.jpg 300w\" sizes=\"(max-width: 1024px) 100vw, 1024px\" \/><figcaption class=\"wp-element-caption\">Fahrzeugbeschriftung PKW elektro GLATT<\/figcaption><\/figure>\n\n\n\n<figure class=\"wp-block-image size-large\"><img loading=\"lazy\" decoding=\"async\" width=\"338\" height=\"338\" data-id=\"26469\" src=\"https:\/\/www.designenlassen.de\/blog\/wp-content\/uploads\/2023\/05\/Regenbogen-Logo-Design-Rainbow-Autowaschpark-559257-qbik-1.jpg\" alt=\"\" class=\"wp-image-26469\" srcset=\"https:\/\/www.designenlassen.de\/blog\/wp-content\/uploads\/2023\/05\/Regenbogen-Logo-Design-Rainbow-Autowaschpark-559257-qbik-1.jpg 338w, https:\/\/www.designenlassen.de\/blog\/wp-content\/uploads\/2023\/05\/Regenbogen-Logo-Design-Rainbow-Autowaschpark-559257-qbik-1-300x300.jpg 300w, https:\/\/www.designenlassen.de\/blog\/wp-content\/uploads\/2023\/05\/Regenbogen-Logo-Design-Rainbow-Autowaschpark-559257-qbik-1-150x150.jpg 150w\" sizes=\"(max-width: 338px) 100vw, 338px\" \/><\/figure>\n\n\n\n<figure class=\"wp-block-image size-large\"><img loading=\"lazy\" decoding=\"async\" width=\"973\" height=\"671\" data-id=\"23674\" src=\"https:\/\/www.designenlassen.de\/blog\/wp-content\/uploads\/2021\/03\/Diamond_Cars_Diamant_Logo_548737.png\" alt=\"Diamant Logo f\u00fcr Diamond Cars Rental\" class=\"wp-image-23674\" srcset=\"https:\/\/www.designenlassen.de\/blog\/wp-content\/uploads\/2021\/03\/Diamond_Cars_Diamant_Logo_548737.png 973w, https:\/\/www.designenlassen.de\/blog\/wp-content\/uploads\/2021\/03\/Diamond_Cars_Diamant_Logo_548737-300x207.png 300w, https:\/\/www.designenlassen.de\/blog\/wp-content\/uploads\/2021\/03\/Diamond_Cars_Diamant_Logo_548737-768x530.png 768w\" sizes=\"(max-width: 973px) 100vw, 973px\" \/><figcaption class=\"wp-element-caption\">Logo-Design mit Diamant f\u00fcr Luxus Autovermietung von mario21sb<\/figcaption><\/figure>\n\n\n\n<figure class=\"wp-block-image size-large\"><img loading=\"lazy\" decoding=\"async\" width=\"338\" height=\"338\" data-id=\"11406\" src=\"https:\/\/www.designenlassen.de\/blog\/wp-content\/uploads\/2018\/06\/226752-Alex-Autoteile-klein-Autohandel.jpg\" alt=\"\" class=\"wp-image-11406\" srcset=\"https:\/\/www.designenlassen.de\/blog\/wp-content\/uploads\/2018\/06\/226752-Alex-Autoteile-klein-Autohandel.jpg 338w, https:\/\/www.designenlassen.de\/blog\/wp-content\/uploads\/2018\/06\/226752-Alex-Autoteile-klein-Autohandel-150x150.jpg 150w, https:\/\/www.designenlassen.de\/blog\/wp-content\/uploads\/2018\/06\/226752-Alex-Autoteile-klein-Autohandel-300x300.jpg 300w\" sizes=\"(max-width: 338px) 100vw, 338px\" \/><\/figure>\n\n\n\n<figure class=\"wp-block-image size-large\"><img loading=\"lazy\" decoding=\"async\" width=\"338\" height=\"338\" data-id=\"11368\" src=\"https:\/\/www.designenlassen.de\/blog\/wp-content\/uploads\/2018\/06\/144235-Jaeger-klein-Autowerkstatt.png\" alt=\"\" class=\"wp-image-11368\" srcset=\"https:\/\/www.designenlassen.de\/blog\/wp-content\/uploads\/2018\/06\/144235-Jaeger-klein-Autowerkstatt.png 338w, https:\/\/www.designenlassen.de\/blog\/wp-content\/uploads\/2018\/06\/144235-Jaeger-klein-Autowerkstatt-150x150.png 150w, https:\/\/www.designenlassen.de\/blog\/wp-content\/uploads\/2018\/06\/144235-Jaeger-klein-Autowerkstatt-300x300.png 300w\" sizes=\"(max-width: 338px) 100vw, 338px\" \/><\/figure>\n<\/figure>\n\n\n\n<p class=\"has-text-align-center\"><a href=\"https:\/\/www.designenlassen.de\/blog\/category\/inspiration\/\">Mehr Designs entdecken<\/a><\/p>\n\n\n\n<h2 class=\"wp-block-heading\">FAQs: Die wichtigsten Fragen zum Ford-Logo<\/h2>\n\n\n\n<div style=\"height:34px\" aria-hidden=\"true\" class=\"wp-block-spacer\"><\/div>\n\n\n\n<h3 class=\"wp-block-heading\">Was bedeutet das Ford-Logo?<\/h3>\n\n\n\n<p>Das Ford-Logo ist eine&nbsp;<strong>Unterschrift<\/strong>&nbsp;von Henry Ford, dem Gr\u00fcnder der Firma. Es soll seine pers\u00f6nliche Verbindung zu seinen Produkten und seinen Kunden ausdr\u00fccken. Das <a href=\"https:\/\/www.designenlassen.de\/blog\/was-ist-ein-logo\/\">Logo<\/a> symbolisiert auch die&nbsp;<strong>Qualit\u00e4t<\/strong>, die&nbsp;<strong>Zuverl\u00e4ssigkeit<\/strong>&nbsp;und den&nbsp;<strong>Fortschritt<\/strong>&nbsp;von Ford und seinen Fahrzeugen.<\/p>\n\n\n\n<h3 class=\"wp-block-heading\">Wie sieht das Ford-Logo aus?<\/h3>\n\n\n\n<p>Das Ford-Logo besteht aus einem ovalen Schild, in dem der Name&nbsp;<strong>Ford<\/strong>&nbsp;in wei\u00dfer Schrift auf blauem Hintergrund steht. Das <a href=\"https:\/\/www.designenlassen.de\/blog\/logo-erstellen-top-firmenlogo-einfach-entwerfen\/\">erstellte Logo <\/a>hat eine einfache und elegante Form, die leicht zu erkennen und zu merken ist.<\/p>\n\n\n\n<h2 class=\"wp-block-heading\">Fazit<\/h2>\n\n\n\n<p>Ford ist eine der gr\u00f6\u00dften und wichtigsten Automarken der Welt. Seit seiner Gr\u00fcndung im Jahr 1903 hat Ford die Automobilindustrie revolutioniert und gepr\u00e4gt. Ford ist nicht nur ein Hersteller von Fahrzeugen, sondern auch ein Sch\u00f6pfer von Kultur und Werten. Das Ford-Logo ist ein Zeichen von Stolz, Tradition und Innovation. Ford ist eine Legende, die weiterlebt.<\/p>\n\n\n\n<div class=\"wp-block-buttons is-content-justification-center is-layout-flex wp-container-core-buttons-is-layout-16018d1d wp-block-buttons-is-layout-flex\">\n<div class=\"wp-block-button is-style-fill\"><a class=\"wp-block-button__link has-white-color has-text-color has-background has-text-align-left wp-element-button\" href=\"https:\/\/www.designenlassen.de\/logo-design?utm_source=blog&amp;utm_medium=button&amp;utm_campaign=logo-sammlung\" style=\"background-color:#091182\">Jetzt Logo erstellen<\/a><\/div>\n<\/div>\n\n\n\n<div style=\"height:22px\" aria-hidden=\"true\" class=\"wp-block-spacer\"><\/div>\n\n\n\n<h2 class=\"wp-block-heading\">Weiterf\u00fchrende Informationen<\/h2>\n\n\n\n<ul class=\"wp-block-list\">\n<li><a href=\"https:\/\/de.wikipedia.org\/wiki\/Ford\">Geschichte<\/a><\/li>\n<\/ul>\n\n\n\n<p><strong>Bildquelle:<\/strong><\/p>\n\n\n\n<ul class=\"wp-block-list\">\n<li><a href=\"https:\/\/de.wikipedia.org\/wiki\/Datei:Ford_logo_flat.svg\">Foto von Wikipedia<\/a><\/li>\n<\/ul>\n","protected":false},"excerpt":{"rendered":"<p>Ford ist eine der&nbsp;\u00e4ltesten&nbsp;und&nbsp;erfolgreichsten&nbsp;Automarken der Welt. Seit \u00fcber einem Jahrhundert produziert Ford Fahrzeuge, die Geschichte schreiben,&hellip;<\/p>\n","protected":false},"author":27,"featured_media":28628,"parent":27972,"menu_order":0,"comment_status":"closed","ping_status":"closed","template":"","meta":{"_lmt_disableupdate":"","_lmt_disable":"","footnotes":""},"class_list":["post-28626","page","type-page","status-publish","has-post-thumbnail","hentry"],"yoast_head":"<!-- This site is optimized with the Yoast SEO plugin v27.5 - https:\/\/yoast.com\/product\/yoast-seo-wordpress\/ -->\n<title>Ford Logo \u25ba Bilder, Geschichte, Entwicklung &amp; u.v.m<\/title>\n<meta name=\"description\" content=\"Erfahre alles Wichtige \u00fcber das Ford-Logo: Geschichte \u2713 Ursprung \u2713 Entwicklung \u2713 Bedeutung \u2713 u.v.m. \u25ba Jetzt ansehen!\" \/>\n<meta name=\"robots\" content=\"index, follow, max-snippet:-1, max-image-preview:large, max-video-preview:-1\" \/>\n<link rel=\"canonical\" href=\"https:\/\/www.designenlassen.de\/blog\/bekannte-logos\/ford-logo\/\" \/>\n<meta property=\"og:locale\" content=\"de_DE\" \/>\n<meta property=\"og:type\" content=\"article\" \/>\n<meta property=\"og:title\" content=\"Ford Logo \u25ba Bilder, Geschichte, Entwicklung &amp; u.v.m\" \/>\n<meta property=\"og:description\" content=\"Erfahre alles Wichtige \u00fcber das Ford-Logo: Geschichte \u2713 Ursprung \u2713 Entwicklung \u2713 Bedeutung \u2713 u.v.m. \u25ba Jetzt ansehen!\" \/>\n<meta property=\"og:url\" content=\"https:\/\/www.designenlassen.de\/blog\/bekannte-logos\/ford-logo\/\" \/>\n<meta property=\"og:site_name\" content=\"designenlassen.de Blog\" \/>\n<meta property=\"article:modified_time\" content=\"2024-05-14T05:54:59+00:00\" \/>\n<meta property=\"og:image\" content=\"https:\/\/www.designenlassen.de\/blog\/wp-content\/uploads\/2024\/02\/Design-ohne-Titel-81.png\" \/>\n\t<meta property=\"og:image:width\" content=\"600\" \/>\n\t<meta property=\"og:image:height\" content=\"600\" \/>\n\t<meta property=\"og:image:type\" content=\"image\/png\" \/>\n<meta name=\"twitter:card\" content=\"summary_large_image\" \/>\n<meta name=\"twitter:label1\" content=\"Gesch\u00e4tzte Lesezeit\" \/>\n\t<meta name=\"twitter:data1\" content=\"6\u00a0Minuten\" \/>\n<script type=\"application\/ld+json\" class=\"yoast-schema-graph\">{\"@context\":\"https:\\\/\\\/schema.org\",\"@graph\":[{\"@type\":\"WebPage\",\"@id\":\"https:\\\/\\\/www.designenlassen.de\\\/blog\\\/bekannte-logos\\\/ford-logo\\\/\",\"url\":\"https:\\\/\\\/www.designenlassen.de\\\/blog\\\/bekannte-logos\\\/ford-logo\\\/\",\"name\":\"Ford Logo \u25ba Bilder, Geschichte, Entwicklung & u.v.m\",\"isPartOf\":{\"@id\":\"https:\\\/\\\/www.designenlassen.de\\\/blog\\\/#website\"},\"primaryImageOfPage\":{\"@id\":\"https:\\\/\\\/www.designenlassen.de\\\/blog\\\/bekannte-logos\\\/ford-logo\\\/#primaryimage\"},\"image\":{\"@id\":\"https:\\\/\\\/www.designenlassen.de\\\/blog\\\/bekannte-logos\\\/ford-logo\\\/#primaryimage\"},\"thumbnailUrl\":\"https:\\\/\\\/www.designenlassen.de\\\/blog\\\/wp-content\\\/uploads\\\/2024\\\/02\\\/Design-ohne-Titel-81.png\",\"datePublished\":\"2024-02-16T12:16:59+00:00\",\"dateModified\":\"2024-05-14T05:54:59+00:00\",\"description\":\"Erfahre alles Wichtige \u00fcber das Ford-Logo: Geschichte \u2713 Ursprung \u2713 Entwicklung \u2713 Bedeutung \u2713 u.v.m. \u25ba Jetzt ansehen!\",\"breadcrumb\":{\"@id\":\"https:\\\/\\\/www.designenlassen.de\\\/blog\\\/bekannte-logos\\\/ford-logo\\\/#breadcrumb\"},\"inLanguage\":\"de\",\"potentialAction\":[{\"@type\":\"ReadAction\",\"target\":[\"https:\\\/\\\/www.designenlassen.de\\\/blog\\\/bekannte-logos\\\/ford-logo\\\/\"]}]},{\"@type\":\"ImageObject\",\"inLanguage\":\"de\",\"@id\":\"https:\\\/\\\/www.designenlassen.de\\\/blog\\\/bekannte-logos\\\/ford-logo\\\/#primaryimage\",\"url\":\"https:\\\/\\\/www.designenlassen.de\\\/blog\\\/wp-content\\\/uploads\\\/2024\\\/02\\\/Design-ohne-Titel-81.png\",\"contentUrl\":\"https:\\\/\\\/www.designenlassen.de\\\/blog\\\/wp-content\\\/uploads\\\/2024\\\/02\\\/Design-ohne-Titel-81.png\",\"width\":600,\"height\":600},{\"@type\":\"BreadcrumbList\",\"@id\":\"https:\\\/\\\/www.designenlassen.de\\\/blog\\\/bekannte-logos\\\/ford-logo\\\/#breadcrumb\",\"itemListElement\":[{\"@type\":\"ListItem\",\"position\":1,\"name\":\"Start\",\"item\":\"https:\\\/\\\/www.designenlassen.de\\\/blog\\\/\"},{\"@type\":\"ListItem\",\"position\":2,\"name\":\"Die 180 bekanntesten Logos im \u00dcberblick\",\"item\":\"https:\\\/\\\/www.designenlassen.de\\\/blog\\\/bekannte-logos\\\/\"},{\"@type\":\"ListItem\",\"position\":3,\"name\":\"Ford Logo\"}]},{\"@type\":\"WebSite\",\"@id\":\"https:\\\/\\\/www.designenlassen.de\\\/blog\\\/#website\",\"url\":\"https:\\\/\\\/www.designenlassen.de\\\/blog\\\/\",\"name\":\"designenlassen.de Blog\",\"description\":\"Inspirationen, Tipps und Ideen f\u00fcr Designer sowie Gr\u00fcnder und Kleinbetriebe.\",\"potentialAction\":[{\"@type\":\"SearchAction\",\"target\":{\"@type\":\"EntryPoint\",\"urlTemplate\":\"https:\\\/\\\/www.designenlassen.de\\\/blog\\\/?s={search_term_string}\"},\"query-input\":{\"@type\":\"PropertyValueSpecification\",\"valueRequired\":true,\"valueName\":\"search_term_string\"}}],\"inLanguage\":\"de\"}]}<\/script>\n<!-- \/ Yoast SEO plugin. -->","yoast_head_json":{"title":"Ford Logo \u25ba Bilder, Geschichte, Entwicklung & u.v.m","description":"Erfahre alles Wichtige \u00fcber das Ford-Logo: Geschichte \u2713 Ursprung \u2713 Entwicklung \u2713 Bedeutung \u2713 u.v.m. \u25ba Jetzt ansehen!","robots":{"index":"index","follow":"follow","max-snippet":"max-snippet:-1","max-image-preview":"max-image-preview:large","max-video-preview":"max-video-preview:-1"},"canonical":"https:\/\/www.designenlassen.de\/blog\/bekannte-logos\/ford-logo\/","og_locale":"de_DE","og_type":"article","og_title":"Ford Logo \u25ba Bilder, Geschichte, Entwicklung & u.v.m","og_description":"Erfahre alles Wichtige \u00fcber das Ford-Logo: Geschichte \u2713 Ursprung \u2713 Entwicklung \u2713 Bedeutung \u2713 u.v.m. \u25ba Jetzt ansehen!","og_url":"https:\/\/www.designenlassen.de\/blog\/bekannte-logos\/ford-logo\/","og_site_name":"designenlassen.de Blog","article_modified_time":"2024-05-14T05:54:59+00:00","og_image":[{"width":600,"height":600,"url":"https:\/\/www.designenlassen.de\/blog\/wp-content\/uploads\/2024\/02\/Design-ohne-Titel-81.png","type":"image\/png"}],"twitter_card":"summary_large_image","twitter_misc":{"Gesch\u00e4tzte Lesezeit":"6\u00a0Minuten"},"schema":{"@context":"https:\/\/schema.org","@graph":[{"@type":"WebPage","@id":"https:\/\/www.designenlassen.de\/blog\/bekannte-logos\/ford-logo\/","url":"https:\/\/www.designenlassen.de\/blog\/bekannte-logos\/ford-logo\/","name":"Ford Logo \u25ba Bilder, Geschichte, Entwicklung & u.v.m","isPartOf":{"@id":"https:\/\/www.designenlassen.de\/blog\/#website"},"primaryImageOfPage":{"@id":"https:\/\/www.designenlassen.de\/blog\/bekannte-logos\/ford-logo\/#primaryimage"},"image":{"@id":"https:\/\/www.designenlassen.de\/blog\/bekannte-logos\/ford-logo\/#primaryimage"},"thumbnailUrl":"https:\/\/www.designenlassen.de\/blog\/wp-content\/uploads\/2024\/02\/Design-ohne-Titel-81.png","datePublished":"2024-02-16T12:16:59+00:00","dateModified":"2024-05-14T05:54:59+00:00","description":"Erfahre alles Wichtige \u00fcber das Ford-Logo: Geschichte \u2713 Ursprung \u2713 Entwicklung \u2713 Bedeutung \u2713 u.v.m. \u25ba Jetzt ansehen!","breadcrumb":{"@id":"https:\/\/www.designenlassen.de\/blog\/bekannte-logos\/ford-logo\/#breadcrumb"},"inLanguage":"de","potentialAction":[{"@type":"ReadAction","target":["https:\/\/www.designenlassen.de\/blog\/bekannte-logos\/ford-logo\/"]}]},{"@type":"ImageObject","inLanguage":"de","@id":"https:\/\/www.designenlassen.de\/blog\/bekannte-logos\/ford-logo\/#primaryimage","url":"https:\/\/www.designenlassen.de\/blog\/wp-content\/uploads\/2024\/02\/Design-ohne-Titel-81.png","contentUrl":"https:\/\/www.designenlassen.de\/blog\/wp-content\/uploads\/2024\/02\/Design-ohne-Titel-81.png","width":600,"height":600},{"@type":"BreadcrumbList","@id":"https:\/\/www.designenlassen.de\/blog\/bekannte-logos\/ford-logo\/#breadcrumb","itemListElement":[{"@type":"ListItem","position":1,"name":"Start","item":"https:\/\/www.designenlassen.de\/blog\/"},{"@type":"ListItem","position":2,"name":"Die 180 bekanntesten Logos im \u00dcberblick","item":"https:\/\/www.designenlassen.de\/blog\/bekannte-logos\/"},{"@type":"ListItem","position":3,"name":"Ford Logo"}]},{"@type":"WebSite","@id":"https:\/\/www.designenlassen.de\/blog\/#website","url":"https:\/\/www.designenlassen.de\/blog\/","name":"designenlassen.de Blog","description":"Inspirationen, Tipps und Ideen f\u00fcr Designer sowie Gr\u00fcnder und Kleinbetriebe.","potentialAction":[{"@type":"SearchAction","target":{"@type":"EntryPoint","urlTemplate":"https:\/\/www.designenlassen.de\/blog\/?s={search_term_string}"},"query-input":{"@type":"PropertyValueSpecification","valueRequired":true,"valueName":"search_term_string"}}],"inLanguage":"de"}]}},"_links":{"self":[{"href":"https:\/\/www.designenlassen.de\/blog\/wp-json\/wp\/v2\/pages\/28626","targetHints":{"allow":["GET"]}}],"collection":[{"href":"https:\/\/www.designenlassen.de\/blog\/wp-json\/wp\/v2\/pages"}],"about":[{"href":"https:\/\/www.designenlassen.de\/blog\/wp-json\/wp\/v2\/types\/page"}],"author":[{"embeddable":true,"href":"https:\/\/www.designenlassen.de\/blog\/wp-json\/wp\/v2\/users\/27"}],"replies":[{"embeddable":true,"href":"https:\/\/www.designenlassen.de\/blog\/wp-json\/wp\/v2\/comments?post=28626"}],"version-history":[{"count":5,"href":"https:\/\/www.designenlassen.de\/blog\/wp-json\/wp\/v2\/pages\/28626\/revisions"}],"predecessor-version":[{"id":31625,"href":"https:\/\/www.designenlassen.de\/blog\/wp-json\/wp\/v2\/pages\/28626\/revisions\/31625"}],"up":[{"embeddable":true,"href":"https:\/\/www.designenlassen.de\/blog\/wp-json\/wp\/v2\/pages\/27972"}],"wp:featuredmedia":[{"embeddable":true,"href":"https:\/\/www.designenlassen.de\/blog\/wp-json\/wp\/v2\/media\/28628"}],"wp:attachment":[{"href":"https:\/\/www.designenlassen.de\/blog\/wp-json\/wp\/v2\/media?parent=28626"}],"curies":[{"name":"wp","href":"https:\/\/api.w.org\/{rel}","templated":true}]}}